culate 8 + -1 - 10 - 3.
-6
What is -11 + 25 + -9 - 4?
1
What is -64 + 68 - (-1 + 1 - 0)?
4
Evaluate -6 + 9 - (5 - 3).
1
What is 1 - (-5 - -3) - 2 - 0?
1
0 - (-1 + -5 - -6)
0
What is the value of 3 + -1 + (6 - (-4 + 8))?
4
Calculate -2 - ((0 - 6) + 5).
-1
(-7 - -5) + 2 + -1
-1
What is the value of -1 - (4 - (9 + -3))?
1
Evaluate 2 - (2 - (-1 + 4) - -2).
1
Calculate 12 + (-2 - 4) - 4.
2
What is the value of 4 + -7 - (6 - 7)?
-2
Calculate -13 - -13 - (1 - 2).
1
2 - (-15 + -5 + 17)
5
Calculate (6 - 1) + (-3 - (3 + -2)).
1
Evaluate 0 + (-15 - -8) + 17 + 0.
10
Calculate -10 + 3 + 0 - -12.
5
What is (-14 + 19 - (3 - 1)) + -5?
-2
What is -4 + 0 + 0 + (1 - -2)?
-1
1 - ((-4 - -2) + 6)
-3
(-28 - -43) + 2 + -7
10
11 + -2 - (3 - -1)
5
-4 - (0 + -2 + -1 + 0)
-1
What is -9 + (-7 - -9) + 10?
3
What is the value of 11 + (0 - 5) - (9 - 4)?
1
What is the value of -5 + 5 + (-6 - 0)?
-6
1 - 4 - -3 - 5
-5
Calculate (-5 - (-1 + -4)) + -1 + 4.
3
What is -6 - (2 - (-2 - -4) - 3)?
-3
Evaluate -2 + (-6 + 15 - 10).
-3
Calculate (1 - 3) + (-3 - -7) - 1.
1
-1 - -1 - ((-29 - -22) + 10)
-3
Evaluate 1 - -8 - (-86 + 102).
-7
What is the value of 3 - (2 + (-1 - 1) - -3)?
0
-9 + -4 - (-52 + 41)
-2
Calculate 4 - (-1 + 6 + -5) - 5.
-1
What is the value of 5 - -1 - (11 + -3)?
-2
(1 - -1) + (0 - 5) + 4
1
-5 + (2 - -6) + -2
1
4 - 3 - ((-1 - -2) + -4)
4
What is (7 + -1 - 5) + 3?
4
What is the value of (-1 + -1 - (-1 + -6)) + 2?
7
Evaluate 7 + 4 + -6 + (1 - 1).
5
What is -9 + 5 + (0 - -10 - 2)?
4
What is the value of 0 - ((-6 - 0) + (-30 - -41))?
-5
Calculate (2 - -5) + 9 - 9.
7
Evaluate (-1 - -4) + (8 - 7) + -4.
0
-1 + 0 + -3 - -2 - 2
-4
Evaluate -2 + (1 - -2) - 0.
1
(-6 + 17 - 6) + 1
6
Evaluate 14 + 4 + -2 + -6 - 8.
2
Calculate -1 - -4 - (25 - 28).
6
Calculate -8 + (-3 + 9 - -2).
0
Calculate -3 + 2 - (1 + -5).
3
What is -5 + 3 - -8 - -1 - -3?
10
Calculate -2 - (2 + -10 - -2) - 0.
4
What is the value of -1 + 8 - (6 + (-6 - -2))?
5
1 - -5 - -4 - 11
-1
Calculate 4 + 3 + -4 + -5 + -1.
-3
What is the value of -2 - (2 - 2) - (-6 - -8)?
-4
What is the value of 4 + -9 + 1 - -4?
0
(-1 - 5) + 2 + 3
-1
What is -6 + 7 + 6 + -13 + 9?
3
What is (-1 - (-3 - 2)) + -5?
-1
Evaluate (9 - -2) + -4 + -2.
5
What is 12 - (1 - -3 - (72 + -69))?
11
What is the value of 0 + (1 - 4) + (0 - 0)?
-3
9 - (20 + -3) - (-2 - -4)
-10
What is the value of 5 - (3 - 1) - 8?
-5
What is 2 + -1 - (-5 + 8)?
-2
Calculate 8 + (-22 - (1 + 0)) + 5.
-10
Evaluate -1 - -3 - 2 - 5.
-5
Evaluate 4 + (-3 - (0 + 7)) - -1.
-5
2 + 5 + -8 + 7 + -10
-4
What is the value of -1 + (-6 - -1) + 1?
-5
What is the value of -16 - (-13 - (-6 - (2 + -1)))?
-10
2 + 0 + (-10 - -3 - -3)
-2
7 + -6 + (3 - 6 - -2)
0
What is (20 - 12) + (1 - 5)?
4
Calculate 4 + -1 + 1 + (1 - 1).
4
Evaluate (1 - -6) + -5 + -1.
1
-2 + 9 + (-3 - 5) + -3
-4
9 + (4 - (-2 + 5)) + -6
4
Calculate -1 + 1 + -1 + (5 - 5).
-1
What is 9 - 9 - (-1 + -3 - 2)?
6
What is the value of 7 + 2 - (-4 - -9)?
4
Evaluate -6 + -1 + 9 + -1.
1
Evaluate (3 - (6 - 4)) + -1 + -4.
-4
Calculate ((-2 - 2) + 0 - -4) + -4.
-4
Evaluate -11 - -25 - -2 - 12.
4
3 - (2 + -3 - -2)
2
What is the value of -9 + 2 + (-4 - -7 - -7)?
3
What is the value of (0 - 1 - -1) + -8?
-8
Evaluate 7 + -2 + -9 - 0.
-4
Calculate 1 - (0 + -1) - (5 + -7).
4
Calculate -8 - (1 + 0) - -10.
1
What is 14 + -7 + 0 - 10?
-3
Evaluate 7 + -5 + -3 + 1 + 2.
2
What is (-1 - (-6 - 2)) + -7?
0
5 - (14 - (7 - 3))
-5
What is the value of -2 - (13 - 10) - -11?
6
What is 1 + (1 - 0) + -3 + 4?
3
19 + -18 - (-4 - 1)
6
-3 + (4 - 3 - (-6 - -11))
-7
What is the value of 0 + 14 + -15 + 17 + -7?
9
What is the value of (-25 - -14 - -9) + 2 + 5?
5
What is 6 + (1 - 8) + (-3 - -1)?
-3
(11 - 13) + (6 - 3)
1
What is 31 + -11 - (13 + -4)?
11
Evaluate -2 + -4 - -7 - 9.
-8
(-4 - -7) + -3 + (3 - 8)
-5
Evaluate 0 + 1 - (0 + -3).
4
What is -7 - (4 - 6) - -5 - 1?
-1
(4 - 4) + 1 + 5 + -2
4
Calculate -1 - ((2 - 0) + -11).
8
Evaluate 0 + (-6 - -14) + -5.
3
Calculate (4 - -6) + (-1 - 11).
-2
What is the value of -7 - ((9 - 8) + -1)?
-7
Calculate (1 - (1 - -2 - -1)) + 3.
0
Evaluate 6 + -2 - (2 + 2) - 4.
-4
Evaluate 1 - (-3 + (7 - 4)) - -5.
6
What is (-7 - 1) + (-11 + 7 - -5)?
-7
What is the value of -3 + 10 - (-14 - -4 - -14)?
3
Calculate 12 + -3 - (1 + 3 + 1).
4
Calculate -16 - (-9 - (-14 - -13)).
-8
Evaluate 4 - (3 - (-4 - (-10 + 5))).
2
Evaluate 0 + -7 + 2 - (-3 - 0).
-2
Calculate 5 + (3 - (-8 - -11)) + -15.
-10
What is -9 - (5 - (-3 + 9))?
-8
What is the value of 4 + -2 + 10 + -9?
3
What is the value of -10 + (-7 - -12) - -2?
-3
-5 + (-4 - (-8 - -1))
-2
What is (8 - -1) + -14 + (-7 - -15)?
3
What is -2 - (6 + -3 - 0)?
-5
Evaluate (3 - 6) + 0 + 10 + -10.
-3
What is -1 + 5 + (8 - 8)?
4
What is -6 + 14 + -1 + -4?
3
Evaluate 1 - 6 - -3 - (-1 + 1).
-2
What is 5 + -2 - (-2 + 2 + -2)?
5
What is the value of (1 + 2 - 0) + (-5 - -1)?
-1
What is the value of 2 + 0 + -6 + -27 + 40?
9
What is 4 - (12 + -6 - (2 - 2))?
-2
What is -1 - ((8 - 3) + -12 + 7)?
-1
What is the value of (26 - 32) + (-5 + 2 - -17)?
8
What is (-26 - -28) + -3 + 0 + -4?
-5
Calculate -1 + -1 + -1 + 4.
1
Calculate -4 + (2 - (3 - 1)).
-4
What is the value of -4 + 12 + (-2 - 3)?
3
Calculate 12 - -3 - 6 - 0.
9
Calculate -2 + 3 + 1 + -8 + 8.
2
-45 + 36 + (0 + 1 - 1)
-9
Calculate (2 + 0 - 6) + 8.
4
What is (-8 - -4 - -1) + (-5 - -4)?
-4
-1 - 4 - (88 + -92)
-1
Evaluate -5 - (-10 - -17 - 21).
9
What is the value of 0 + 3 + 0 + -3 + 1?
1
Evaluate (2 - (-3 - -4)) + -1.
0
Evaluate -4 + 6 + 3 - (-25 + 26).
4
4 + (-5 + -2 - 3) + 5
-1
-2 - (-2 + (-5 - -5) - -6)
-6
What is -2 + 2 + 4 + -4?
0
What is the value of 3 - ((10 - 1) + (2 - 6))?
-2
What is the value of -8 + (7 - 1) + 0 - 2?
-4
Evaluate (5 - 8) + 5 + -4 + 1.
-1
Evaluate 1 + -2 + (4 + -3 - 1).
-1
Calculate -2 + (-2 - (-2 + 4)) + -2.
-8
Calculate 3 - (-3 - -3 - 0) - -2.
5
What is the value of -6 + (6 - 2) - 1?
-3
What is the value of (-6 - (-1 - 2)) + 7 + -4?
0
What is 1 + 6 - 2 - -7 - 7?
5
Calculate (-3 - 0) + 4 + -3 + 1.
-1
What is -6 + -6 + 0 - (-5 + 0)?
-7
Calculate 5 - (10 - 1) - (2 + 3).
-9
What is the value of -8 + 5 - -8 - (3 - -5)?
-3
-2 + -1 - (0 - 6)
3
What is the value of 5 - ((0 + -2 - -6) + -2)?
3
What is -1 + 4 + (4 + -10 - -1)?
-2
Calculate 6 + -6 + -3 - -7.
4
-1 + 7 + 10 + (-2 - 4)
10
What is the value of (-1 - -4) + (-13 - -29) + -17?
2
What is 10 + (-9 - -6 - 7)?
0
0 + 1 + (-4 - -8) + -7
-2
What is the value of -4 + (15 - 12 - 5)?
-6
What is -1 - -2 - (-9 - (8 + -18))?
0
What is (-2 - (1 - -3)) + 6?
0
Calculate (-11 - -6) + -3 - (-3 - 0).
-5
Calculate 5 - (8 + 7 + -7) - -1.
-2
Calculate 4 - (1 + -11 + 6) - 7.
1
(-3 + 0 - 5) + 4
-4
What is the value of 1 - -3 - (-6 + 6)?
4
What is the value of -11 + 11 - (-2 + -1)?
3
-3 + 5 + -4 + 2 + -2
-2
-3 + 2 - (0 - (0 - 0))
-1
What is the value of (-3 - -11 - 5) + 2?
5
Calculate (5 - 0) + (9 - 11).
3
What is -1 - 4 - 0 - -5 - -5?
5
What is the value of 3 + -6 + (3 - 6)?
-6
-5 + 2 + -2 + 10 - 2
3
14 - 18 - -7 - (1 + -4)
6
(15 - 25) + (5 - -1)
-4
What is -7 + -6 + -3 + 8?
-8
Calculate ((-2 - 16) + -1 - -6) + 5.
-8
Evaluate 3 - (3 - (1 - 4)).
-3
Calculate (21 - 12) + (1 - 13).
-3
Calculate -1 + (4 - 4) - -3.
2
Evaluate 2 + -3 + 6 - 4 - 5.
-4
Evaluate 1 + (7 - (0 + 4)).
4
Calculate (1 - 2) + 3 + -2.
0
-8 - -3 - (10 - 12)
-3
Evaluate 3 + (-1 - (4 - 2)).
0
What is the value of 0 - (2 - (1 + -4 + 1))?
-4
What is -3 + 0 + 3 - (-1 - -4)?
-3
What is the value of 3 + -2 - (-2 - 2)?
5
What is -48 + 41 - (-3 - (-5 - -3))?
-6
What is the value of -7 + 6 + 2 + 2?
3
-6 + 6 + (-1 - 7) - -13
5
Calculate (-3 - -4) + 1 - -3.
5
What is the value of (2 - -6) + -8 + 4?
4
What is the value of 0 + 10 + -67 + 59?
2
Evaluate -4 - (-4 + (7 - 8) + 2).
-1
What is the value of 8 - 3 - (-1 + (2 - -2))?
2
What is the value of (-8 - -4) + 0 + (-2 - 0)?
-6
Calculate (0 - -1) + (-6 + 6 - -4).
5
Evaluate -3 - (15 - 8 - 8).
-2
Evaluate -1 - 5 - (41 - 49).
2
What is (-1 - -3 - 1) + -2 + -2?
-3
1 - (-9 - (-2 + -9))
-1
Evaluate 225 + -233 + -1 + -1.
-10
What is the value of (0 - -5) + (2 - 4)?
3
What is the value of (12 - 29) + 9 - (2 + -6)?
-4
What is 11 - 8 - (0 - 2)?
5
Evaluate 3 + 3 + (-41 - -44).
9
What is 5 + 0 + -5 + -2 - -10?
8
9 - (-2 - (-4 + -6))
1
24 - 14 - (18 - 0)
-8
What is the value of -8 + 5 - -3 - 3?
-3
What is (1 - (-7 - -4) - -1) + 0?